er when 1540 is divided by 144.
100
Calculate the remainder when 247586 is divided by 100.
86
Calculate the remainder when 180488 is divided by 90243.
2
Calculate the remainder when 3294 is divided by 2919.
375
What is the remainder when 3061 is divided by 76?
21
Calculate the remainder when 23264 is divided by 284.
260
Calculate the remainder when 41620 is divided by 38.
10
Calculate the remainder when 28361 is divided by 14176.
9
What is the remainder when 48151 is divided by 13?
12
What is the remainder when 2395 is divided by 8?
3
What is the remainder when 57986 is divided by 14?
12
Calculate the remainder when 2158 is divided by 1204.
954
Calculate the remainder when 6260 is divided by 195.
20
Calculate the remainder when 188862 is divided by 29.
14
What is the remainder when 1529 is divided by 294?
59
Calculate the remainder when 2058 is divided by 416.
394
What is the remainder when 823 is divided by 212?
187
Calculate the remainder when 20483 is divided by 315.
8
Calculate the remainder when 1999 is divided by 1876.
123
Calculate the remainder when 93357 is divided by 240.
237
Calculate the remainder when 1028 is divided by 244.
52
Calculate the remainder when 4246 is divided by 3124.
1122
Calculate the remainder when 2216 is divided by 222.
218
Calculate the remainder when 31641 is divided by 684.
177
What is the remainder when 2996 is divided by 1483?
30
What is the remainder when 13996 is divided by 4623?
127
Calculate the remainder when 16333 is divided by 1813.
16
Calculate the remainder when 2737 is divided by 277.
244
What is the remainder when 51504 is divided by 283?
281
Calculate the remainder when 217637 is divided by 6.
5
What is the remainder when 1806 is divided by 991?
815
Calculate the remainder when 8232 is divided by 377.
315
What is the remainder when 113076 is divided by 38?
26
Calculate the remainder when 6824 is divided by 682.
4
What is the remainder when 2175 is divided by 243?
231
What is the remainder when 4620 is divided by 655?
35
Calculate the remainder when 2159 is divided by 184.
135
Calculate the remainder when 5859 is divided by 36.
27
What is the remainder when 3741 is divided by 1210?
111
Calculate the remainder when 81436 is divided by 21.
19
Calculate the remainder when 23002 is divided by 213.
211
Calculate the remainder when 2866 is divided by 67.
52
Calculate the remainder when 7684 is divided by 208.
196
Calculate the remainder when 927 is divided by 826.
101
What is the remainder when 188837 is divided by 13?
12
What is the remainder when 301278 is divided by 104?
94
Calculate the remainder when 143601 is divided by 32.
17
What is the remainder when 73635 is divided by 18?
15
What is the remainder when 1251 is divided by 119?
61
Calculate the remainder when 270429 is divided by 5633.
45
Calculate the remainder when 17175 is divided by 39.
15
Calculate the remainder when 638 is divided by 27.
17
What is the remainder when 568293 is divided by 189427?
12
What is the remainder when 22297 is divided by 5?
2
What is the remainder when 11248 is divided by 5?
3
What is the remainder when 18468 is divided by 2030?
198
Calculate the remainder when 68215 is divided by 307.
61
Calculate the remainder when 131972 is divided by 1.
0
What is the remainder when 319327 is divided by 85?
67
Calculate the remainder when 34742 is divided by 431.
262
What is the remainder when 734127 is divided by 45?
42
Calculate the remainder when 8449 is divided by 88.
1
Calculate the remainder when 6276 is divided by 563.
83
What is the remainder when 6800 is divided by 170?
0
What is the remainder when 50112 is divided by 1565?
32
What is the remainder when 4105 is divided by 1365?
10
What is the remainder when 58955 is divided by 120?
35
Calculate the remainder when 45 is divided by 26.
19
Calculate the remainder when 12372 is divided by 12317.
55
Calculate the remainder when 11032 is divided by 374.
186
What is the remainder when 4351 is divided by 118?
103
Calculate the remainder when 3060 is divided by 608.
20
What is the remainder when 91793 is divided by 46?
23
Calculate the remainder when 27009 is divided by 26855.
154
Calculate the remainder when 17441 is divided by 8720.
1
Calculate the remainder when 1293 is divided by 224.
173
What is the remainder when 9989 is divided by 144?
53
What is the remainder when 418 is divided by 140?
138
What is the remainder when 8809 is divided by 160?
9
Calculate the remainder when 186808 is divided by 224.
216
Calculate the remainder when 35524 is divided by 5073.
13
What is the remainder when 3077 is divided by 82?
43
What is the remainder when 2865 is divided by 1316?
233
Calculate the remainder when 32371 is divided by 16168.
35
What is the remainder when 95836 is divided by 326?
318
Calculate the remainder when 4680 is divided by 169.
117
What is the remainder when 2109 is divided by 225?
84
Calculate the remainder when 1001 is divided by 320.
41
What is the remainder when 1092943 is divided by 15?
13
Calculate the remainder when 673736 is divided by 19.
15
Calculate the remainder when 9566 is divided by 184.
182
Calculate the remainder when 35309 is divided by 8823.
17
What is the remainder when 150274 is divided by 147?
40
Calculate the remainder when 14333 is divided by 226.
95
What is the remainder when 93814 is divided by 1618?
1588
Calculate the remainder when 142172 is divided by 3306.
14
What is the remainder when 3264 is divided by 1087?
3
Calculate the remainder when 52259 is divided by 1683.
86
Calculate the remainder when 4176 is divided by 441.
207
Calculate the remainder when 432 is divided by 187.
58
Calculate the remainder when 468648 is divided by 321.
309
What is the remainder when 2918 is divided by 122?
112
What is the remainder when 1587685 is divided by 793837?
11
Calculate the remainder when 47599 is divided by 410.
39
Calculate the remainder when 149913 is divided by 22.
5
What is the remainder when 13187 is divided by 696?
659
Calculate the remainder when 6659 is divided by 1109.
5
Calculate the remainder when 12005 is divided by 12.
5
What is the remainder when 1472981 is divided by 17?
16
What is the remainder when 9662 is divided by 65?
42
What is the remainder when 2272 is divided by 162?
4
Calculate the remainder when 34046 is divided by 266.
264
What is the remainder when 1582041 is divided by 133?
6
Calculate the remainder when 1087109 is divided by 1115.
1099
Calculate the remainder when 9443 is divided by 91.
70
Calculate the remainder when 10193 is divided by 237.
2
Calculate the remainder when 2875918 is divided by 80.
78
What is the remainder when 100875 is divided by 151?
7
What is the remainder when 246940 is divided by 27?
25
What is the remainder when 98892 is divided by 8?
4
What is the remainder when 3290 is divided by 3214?
76
What is the remainder when 27740 is divided by 27738?
2
What is the remainder when 6692 is divided by 87?
80
Calculate the remainder when 2534 is divided by 81.
23
Calculate the remainder when 2372 is divided by 18.
14
What is the remainder when 63837 is divided by 137?
132
Calculate the remainder when 15201 is divided by 131.
5
What is the remainder when 16610 is divided by 2?
0
Calculate the remainder when 296978 is divided by 13.
6
What is the remainder when 200929 is divided by 183?
178
What is the remainder when 4999 is divided by 1546?
361
What is the remainder when 1413 is divided by 8?
5
What is the remainder when 34823 is divided by 6952?
63
Calculate the remainder when 12786 is divided by 94.
2
Calculate the remainder when 213667 is divided by 230.
227
Calculate the remainder when 1595083 is divided by 152.
147
What is the remainder when 17671 is divided by 233?
196
Calculate the remainder when 2344 is divided by 793.
758
What is the remainder when 28229 is divided by 744?
701
What is the remainder when 2450489 is divided by 245?
244
Calculate the remainder when 3951 is divided by 13.
12
Calculate the remainder when 661 is divided by 560.
101
What is the remainder when 142205 is divided by 109?
69
What is the remainder when 15035 is divided by 470?
465
What is the remainder when 25460 is divided by 25417?
43
Calculate the remainder when 9863 is divided by 249.
152
Calculate the remainder when 2946